 -d**3 - 9*d**2 - 1971*d + 1956*d + 79 - 64. What is m(-7)?
22
Let s(c) = 2*c**2 - 3*c**2 + c - 1 + 3*c. Suppose 2741 + 1339 = -20*k. Let g = k - -209. Determine s(g).
-6
Let q = 666 + -639. Let a be (-2596)/(-18) - 6/27. Suppose q*d + a = 11*d. Let g(u) = u + 3. Calculate g(d).
-6
Let t be -1*((-16)/(-28) + (-351)/63). Let j(q) = -2*q**2 + 9*q. Give j(t).
-5
Let b = 215 - 135. Suppose 26*n + 132 = b. Let c(k) = -k**2 - k - 2. What is c(n)?
-4
Suppose s + 4*n = -3, -1472*n + 16 = -2*s - 1475*n. Let w(l) be the second derivative of l**3/3 + 5*l**2/2 - 8*l. What is w(s)?
-17
Let c(f) be the first derivative of 3/2*f**2 + 3*f + 70. What is c(-4)?
-9
Suppose 15 = -z + 5*i, -27*z - i = -24*z - 19. Let d(g) = -g**3 + 4*g**2 - 7. Give d(z).
-32
Let k(d) = 58*d**2 - 160*d**2 - 8*d + 54*d**2 + 49*d**2 + 8. Suppose -7*s = -10*s + 18. Give k(s).
-4
Suppose -2*j = -3*p - 1, 0 = 2*j - p + 5 - 16. Let q(h) be the first derivative of h**2/2 - h + 112. What is q(j)?
7
Let s be 18 - 17 - (4 + 0). Let q be (18 + -21)/(s/5). Suppose -w - 2 = -4*i - 5, 4*w - 1 = q*i. Let n(j) = -12*j. What is n(i)?
12
Let a(p) = p**2 + 4*p - 15. Let v be a(5). Suppose 13*q - v = 3*q. Let u(n) = -n**2. Let d(s) = 2*s**2 + 3*s - 3. Let x(k) = d(k) + u(k). What is x(q)?
15
Let v(w) = 27*w + 14. Suppose -61 = 218*z - 689 - 244. Give v(z).
122
Let g(t) be the third derivative of t**5/30 - 3*t**4/4 - 2*t**3 - 55*t**2 - t. Determine g(10).
8
Let i be 5*1*(-36)/(-30). Let b(f) = i*f - 27 + 27. Suppose 0 = -2*c + 2*t + 12, -5*c = -13*t + 18*t + 20. Calculate b(c).
6
Let g = -406491 - -406494. Let t(b) = -1. Let o(v) = -v - 4. Let h(q) = -o(q) + 2*t(q). Calculate h(g).
5
Let f(a) = -a**2 - 11*a + 1. Suppose 21*l = 30*l - 3528. Suppose 4*q + 432 = l. Give f(q).
11
Let v(w) = 1 + w**3 - 2*w**2 - 2*w**2 + 2*w**2. Let z be (579/772)/(((-2)/32)/(4/(-24))). Determine v(z).
1
Let k(x) = x**3 + 8*x**2 + 7*x - 11. Let w be (0 - -1)/((1 + 5 + -5)/(-7)). What is k(w)?
-11
Let z(c) = c**2 - 6*c - 1. Suppose -2*k + 22 = 2*h + 8, 14 = 2*k + h. What is z(k)?
6
Let g(d) = d**3 - 4*d**2 + 3*d + 2. Let q(s) = -22*s - 187. Let j be q(-9). Suppose j*m - 13 - 31 = 0. Give g(m).
14
Let v(l) = 48*l**2 - 141*l**2 + 2*l**3 - l + 52*l**2 + 41*l**2. Let s(g) = -2*g + 16. Let z be s(7). Give v(z).
14
Let l(i) be the first derivative of -i**5/20 + 29*i**3/3 - i**2 + 160. Let o(x) be the third derivative of l(x). What is o(-3)?
18
Let o(m) = m - 12. Let g(t) = -1. Let i(b) = -12*g(b) + 3*o(b). Let y be i(9). Let n(f) = 5*f**3 + 0*f**2 - 4*f**y - f + 0*f**2 + f**2. Give n(1).
1
Let a(o) = -o**2 - 33*o + 3. Let s(l) = -3*l**2 - 79*l + 66. Let i(w) = -2*a(w) + s(w). Calculate i(-17).
-8
Let m(n) be the second derivative of -n**4/12 - 5*n**3/6 - 3*n**2/2 + 15*n - 2. Let s = 13 - 16. Calculate m(s).
3
Let d(i) = 23 - 109*i + i**2 - 8 + 109*i - 14. Suppose -r - 8 = 3*r. What is d(r)?
5
Suppose 2*g + p - 13 = -3*g, -3*g = 2*p - 12. Let k(d) be the third derivative of 0*d - 2*d**2 + 1/6*d**4 + 0 + 1/6*d**3. What is k(g)?
9
Let b(n) be the first derivative of -n**2 + 18*n + 96. Let a be b(8). Let d(y) = y**3 - 3*y**2 + 3*y - 2. Give d(a).
0
Suppose 0 = -5*h + 5 - 0. Let g(a) = 663*a**2 - 25*a - 45. Let j be g(-7). Let c(k) = 32617*k - j*k + k**2 - k**3. Calculate c(h).
0
Let s be 5 + ((-8)/2)/2. Let j(a) = -9 - 3 + 0 + s*a. Let z(o) = 13895*o + 69483. Let m be z(-5). Determine j(m).
12
Let i(b) be the first derivative of b**2 - b + 56. Let a(t) = -t**3 - 16*t**2 + t + 21. Let p be a(-16). Suppose -3*y = 0, 4*y + 0 = p*o - 5. Determine i(o).
1
Let u = 31/63 - -11/63. Let o(q) be the first derivative of -5*q + q**2 - 13 + u*q**3. Determine o(-4).
19
Let g(v) = 14*v - 5. Let a(k) = 9*k - 3. Let y(z) = -7*a(z) + 5*g(z). Let j(q) = -15*q + 7. Let l(n) = -6*j(n) - 13*y(n). What is l(7)?
3
Let z(t) = -54*t + 103. Let x be z(2). Let u(n) = -6*n - 11. Determine u(x).
19
Let o(s) = 6*s + 109. Let r(i) = 8*i + 105. Let v(k) = -12*o(k) + 13*r(k). Calculate v(-4).
-71
Let v(l) = -141*l**2 - 8*l - 69. Let m(j) = 37*j**2 + 2*j + 18. Let n(c) = 19*m(c) + 5*v(c). Suppose -4 = 2*x + 2. Determine n(x).
-15
Suppose 11*b + 5 - 49 = 0. Suppose -5*q - 14 = 4*c, 3*q - 7 = b*c - 41. Let a(x) = -x. Calculate a(q).
6
Let r(k) = -4*k**2 + 5*k - 1. Let n(g) = -21*g**2 + 25*g - 7. Let b(i) = -2*n(i) + 11*r(i). Let d(x) = -x**2 + 8*x - 3. Let p be d(7). Determine b(p).
-9
Let q(k) = 13*k - 1. Let l(y) = -y**2 - 9*y - 1. Suppose -2*b = 7*b + 81. Let a be l(b). Give q(a).
-14
Suppose 14*p = 9*p + 105. Suppose -4*z + 18 = 2*k, -3*z - k = -2*k - p. Let v(t) = 30*t - 27 + 24 - 31*t. What is v(z)?
-9
Let t be (50 - 45)/(5/14) + -10. Let j(k) = -12*k + 20. What is j(t)?
-28
Let g(p) = 2*p**3 + 32*p**2 - 35*p - 17. Suppose 4*o + 53 = -3*s, 60*s + 88 = -4*o + 64*s. What is g(o)?
0
Let q(j) = 11*j + 13 - 8*j + 14. Determine q(-19).
-30
Let t(n) = -16 - n - 6 + 6 + 6. Suppose -75 = i - 4*i. Suppose i = 3*b + 4. Give t(b).
-17
Let m(p) = 2*p**3 + 2*p**2 + 2*p - 2. Suppose 0 = -4*t + 20 - 4, -5*j + t = -286. Let q = j + -60. What is m(q)?
-14
Let s(d) = 16*d - 27. Let h(g) = -74*g + 130. Let f(p) = -3*h(p) - 14*s(p). Calculate f(-2).
-8
Let b(t) = -2*t**3 - 21*t**2 - 8*t + 22. Let o be b(-10). Let y(x) = 105*x**o - 52*x**2 - 56*x**2 - 3*x. Let n be -4 - -6 - (-12)/(-3). Determine y(n).
-6
Let o = 136 + -131. Suppose -5*i = o*t, -18 = 5*i + 7. Let h(f) = f**3 - 5*f**2 - 3*f + 3. Calculate h(t).
-12
Suppose 4*s - 21 = 5*x, -2*x - x = -3*s + 12. Let g(o) be the third derivative of o**6/120 + o**5/12 + 5*o**4/24 + 7*o**3/6 - 4*o**2 - 37*o. Give g(x).
-18
Suppose -x = -54 + 74. Let v = x - -18. Let j(b) = -8*b - 2. Give j(v).
14
Let z(v) be the first derivative of -v**4/4 + 2*v**3/3 + 3*v**2/2 + 4*v - 774. Give z(4).
-16
Let j(s) = 200*s - 202*s - 1 + 13. Let p be j(8). Let z(m) = -2*m - 6. Give z(p).
2
Suppose -523*t - 204 = -506*t. Let r(z) = z**2 + 18*z + 63. Calculate r(t).
-9
Let r(p) be the third derivative of -29*p**4/24 - 113*p**3/6 - 51*p**2 - 10*p. What is r(-4)?
3
Let g(x) be the second derivative of -x**4/12 - x**3/3 + 7*x**2 + 1387*x. Calculate g(-5).
-1
Let m(l) be the third derivative of l**4/12 - 2153*l**2. What is m(-10)?
-20
Let y = 42 + -40. Suppose -r + 2*p + 11 = -2*p, 0 = 5*r + y*p - 55. Let h = r - 11. Let k(b) = -b + 7. Calculate k(h).
7
Let s(a) = -3*a + 30. Let c(l) = 2*l - 6. Let m(n) = -2*c(n) - s(n). Calculate m(3).
-21
Let y(a) = -a - 34. Let s be (-1)/((-4)/14*(-16)/64). Calculate y(s).
-20
Let r(j) = 288*j - 1163*j + 293*j - 26 + 292*j + 299*j. Calculate r(2).
-8
Let q = -10293 + 10258. Let h(k) = -k - 29. Determine h(q).
6
Let x be 7/((-84)/8) + (-2294)/(-111). Let d(m) = -3*m - 47. Let w(l) = 2*l + 47. Let s(q) = 4*d(q) + 5*w(q). Calculate s(x).
7
Let u(r) = -r**2 + 27*r - 83. Let l be u(4). Let k(f) = l - 130*f**2 + 68*f**2 + 63*f**2 + f. Give k(0).
9
Let j(c) be the third derivative of c**5/60 - 5*c**4/12 + 4*c**3/3 + 3*c**2 + 32*c + 2. Let v be 12/18 - (-66)/9. Determine j(v).
-8
Let j(l) = 77 + 17 + 9 + 11*l + 74 - 4*l. Determine j(-23).
16
Let o(c) be the third derivative of -7*c**6/240 - c**5/120 + c**4/12 - c**3 - c**2 + 90. Let s(i) be the second derivative of o(i). Give s(-1).
20
Suppose s = 5*s - 20, 5*s = 2*c + 33. Let i(j) = 2*j + 5. Give i(c).
-3
Let c(t) be the second derivative of t**6/360 + 11*t**5/120 - t**4/2 + 37*t**3/2 + 63*t + 1. Let a(m) be the second derivative of c(m). What is a(-12)?
0
Let o be 20*1 - (-245)/35. Let g be o/(-15)*240/72. Let q(s) = s + 8. Determine q(g).
2
Let u(r) = r**2 + 27*r + 61. Suppose -5*f - 4*h - 121 = 0, -h - 185 = -186. Determine u(f).
11
Let u be 2 - 0 - 783/406 - (-306)/28. Let i(w) = w**3 - 13*w**2 + 22*w + 9. Determine i(u).
9
Suppose 0 = -3*q - 2*o - 7 + 4, 3*q = 4*o - 3. Let y = 10 - 8. Let g(v) = 3*v + 1 + 143*v**y - 148*v**2 - 3*v. Calculate g(q).
-4
Let t = -11 - -29. Suppose -d = 2*d - t. Let q(z) = 4*z**3 - 8*z**2 + 3*z - 2. Let a(o) = o**3 - o**2 + 3*o - 1. Let g(y) = 3*a(y) - q(y). Calculate g(d).
-1
Let c(f) = 8*f - 13. Let z be c(-10). Let x = 88 + z. Let m(i) = -16*i**2 - 46*i + 26. Let r(o) = -3*o**2 - 9*o + 5. Let w(k) = 2*m(k) - 11*r(k). Give w(x).
-13
Let v = 783 + -773. Let p be 132/(-165)*v/(-4). Let d(n) = n**2 - 2*n. Give d(p).
0
Let l(a) = 10*a**3 - 26*a**2 + 15